factors of n?
29
Let b(v) = 458*v + 4. List the prime factors of b(1).
2, 3, 7, 11
Suppose 0 = 13*z + 26*z - 23439. List the prime factors of z.
601
Suppose -2*v + 3*f + 3 = 0, 3*v + 2*f + 0 = 11. Suppose -2*i = 2*s - 12 - 16, 3*s - 72 = v*i. What are the prime factors of s?
19
Let z = 1030 - 622. What are the prime factors of z?
2, 3, 17
Suppose -c + 195 = 3*l, 4*c - 51 - 14 = -l. Suppose -5*q = -o - l, 9*q - 4*q = 3*o + 55. List the prime factors of 542/q - (-2)/7.
3, 13
Suppose 4*s = 4*z + 172, -s - 4*s - 5*z = -225. Let c = s + -18. What are the prime factors of c?
2, 13
Let n = -5 + 2. Let f be (-63)/(-18)*4/7. List the prime factors of (-20 - 1)/(f + n).
3, 7
What are the prime factors of (-4)/(-6) - (-1042544)/276?
2, 1889
Suppose 4*f + 6 = -2*k - 2, 0 = -3*k - 12. Suppose -4*s = -16 - f. Suppose 5*l + 0*q = -s*q + 275, -3*l + 192 = -3*q. What are the prime factors of l?
59
Let s be (-90)/20*(-380)/6. What are the prime factors of (-1 + -2)/(1135/s + -4)?
3, 19
What are the prime factors of 1346 - ((-12)/(-18) + 2/6)?
5, 269
Let h = -19 - -99. Let u = h + -227. Let z = u - -216. List the prime factors of z.
3, 23
Let h = 9 - 6. Let z be 2 + -1 + (h - 2). Suppose v = -z*v + 63. List the prime factors of v.
3, 7
Suppose -b - v - 1 = 2*v, 4*b = -4*v + 4. Suppose -b*y = 4, -3*y - y - 7 = -o. List the prime factors of (9 - o)*-2*-1.
2, 5
Suppose -3 = -3*n + 30. Let c be ((-5 - -5) + 4/(-2))/(-1). Suppose -3*l + n = c. What are the prime factors of l?
3
Let h(p) = -p. Let r be h(-2). Suppose -r*i - 3 - 7 = 0, 4*q - i = -151. What are the prime factors of 4/26 + (-1008)/q?
2, 13
Let v(s) = -s**2 - 26*s - 52. Let z be v(-22). Let f = 56 - z. List the prime factors of f.
2, 5
Let r(u) = u**2 - 3*u - 9. Let x be r(-6). Let g = x - -5. List the prime factors of g.
2, 5
Suppose -2*p + 3 = -37. Let g = p - 4. Suppose 0 = -2*s + s + g. List the prime factors of s.
2
Let z be 4 + 6/(-2) - -2. Suppose -z*h + 4*r = -56, 0 = -3*h - 2*r + r + 46. List the prime factors of h/(-36)*-3*18.
2, 3
Suppose 9 = -2*b + 3. Let u(g) = -4*g - 3. Let z be u(b). Suppose 11*i - 30 = z*i. What are the prime factors of i?
3, 5
Suppose 0 = 438*x - 442*x + 4116. List the prime factors of x.
3, 7
What are the prime factors of -3 - (6 + -5 - (-3156)/(-4))?
5, 157
Suppose -2*p + 0 = -u - 11, 0 = 5*u + 4*p + 125. List the prime factors of (-1140)/u + 4/(-14).
2, 3
List the prime factors of 21/((-270)/(-42) - 6).
7
Let n be (-1 + 32/6)*3. Let k = n - 11. Suppose 5*l = -2*h - 8 + 84, -3*h - k*l + 92 = 0. What are the prime factors of h?
2, 7
Let d = -1033 + 1464. What are the prime factors of d?
431
Let f(n) = -159*n**3 - n. Let x be f(-1). Suppose -25*g = -20*g - x. List the prime factors of g.
2
Let i = 102 + -122. What are the prime factors of 5*((-3744)/i)/6?
2, 3, 13
Suppose -71*t = -61*t + 150. Let x = 32 + t. List the prime factors of x.
17
Let c(a) be the second derivative of -a**4/8 + 4*a**3/3 + 11*a**2/2 - a. Let k(q) be the first derivative of c(q). What are the prime factors of k(-11)?
41
Let n be ((-4)/16)/(2/(-56)). Let d(s) = -s**3 + 7*s**2 + 2*s + 4. List the prime factors of d(n).
2, 3
Suppose o = -4*g - 40, -4*g + 44 = o - 3*o. Let k = o + 32. Suppose k*j - 32 = y, 2*j - 6 - 12 = y. What are the prime factors of j?
7
Suppose -4 = 2*x + 2*b, 5*b = -3*x - 18 + 2. Suppose -x*j + 0*j = -255. List the prime factors of j.
5, 17
Suppose 0 = 2*k + g - 1449, 0 = -2*k + 10*g - 13*g + 1455. What are the prime factors of k?
3, 241
Let l(b) = -11*b**3 - 4*b**2. Let w be l(-4). Suppose 2*a - 2*m = 248, 0*m - w = -5*a + m. Let c = a - 69. What are the prime factors of c?
2, 3, 5
Let k(f) = -f**3 + 10*f**2 - 6*f + 1. Let x be (-2)/(-2*4/(-12)). Let h be x/(3 - 2) - -12. List the prime factors of k(h).
2, 7
Suppose 11*w + 2*x = 12*w - 2963, 4*x = 5*w - 14833. What are the prime factors of w?
2969
Suppose -127*a + 260 = -125*a. What are the prime factors of a?
2, 5, 13
Let k be 86/3 + 14/(-21). Suppose -4*j - 4*b + k = 0, j = -4*j - b + 23. Suppose -j*y = 3*h - 9, -2*y + 13 = 3*y + 2*h. What are the prime factors of y?
3
Let q = -266 + 338. What are the prime factors of q?
2, 3
Let p(l) = -5*l + 15. Let h be p(5). Let w(z) = 2*z**2 + 8*z + 55. List the prime factors of w(h).
5, 7
What are the prime factors of 1/(1/33 + -5 + 5)?
3, 11
Let y(m) = 2*m**3 - 5*m**2 + 7. Suppose -j + 3*j - 8 = 0. Suppose v = -5*a + 3*a - 4, 4*v + j*a = 0. List the prime factors of y(v).
5, 11
Suppose 4*y - 4*l = -y + 3085, y - 2*l - 611 = 0. List the prime factors of y.
3, 23
Let w = -2 - -7. Suppose 36 = -0*o + 4*o - 4*p, -24 = -w*o - 2*p. Let b = 25 + o. What are the prime factors of b?
31
Suppose 10*a = 14*a + 4*z - 5152, -a - 5*z = -1308. List the prime factors of a.
1283
List the prime factors of (5/(-2))/(5/(-24)).
2, 3
Let r = -6 - 15. List the prime factors of 2/(-7) - 1056/r.
2, 5
Let l(x) = 162*x**2 - 23*x - 71. List the prime factors of l(-4).
3, 13, 67
Suppose d - 5*p - 15 = 47, -2*p + 8 = 0. Let s = -50 - -96. Suppose -5*l + 44 = 2*a - s, 2*a + l - d = 0. List the prime factors of a.
2, 5
Let q = 63 + -23. Let j be (q/(-12))/((-3)/9). Suppose j = 2*z - 30. What are the prime factors of z?
2, 5
Suppose -79 = -2*y + y + 5*f, 0 = -f + 2. What are the prime factors of 5 + -1 + y - 4?
89
Let y(s) = -s**2 + 30*s - 29. Let g = -17 + 41. List the prime factors of y(g).
5, 23
Let p = -2 - -2. Suppose -2*q = -a - 10, p = 2*q + 5*a + 7 + 7. Suppose 0 = o - 0*o - 2*h, 40 = q*o + 4*h. What are the prime factors of o?
2
What are the prime factors of 1/(3/6768) - (-25 + 21)?
2, 5, 113
Let m(n) = n**3 - 2*n**2 - n + 25. What are the prime factors of m(9)?
11, 53
Let h(d) = d**3 - 4*d**2 - 6*d - 4. Let q be h(5). Let u be (q/9)/((-2)/8). Suppose -w - u*w = -85. What are the prime factors of w?
17
Suppose -2*d + 2360 = -4*p, 0*d - 4*d + 4*p + 4736 = 0. What are the prime factors of (-3)/15 - d/(-15)?
79
Let t be (-2)/(-2)*(11 + -3). Let b(x) = -2*x**3 - 5*x**2 + 14. Let i(g) = g**3 - g**2 + g - 1. Let m(p) = b(p) + 3*i(p). What are the prime factors of m(t)?
5, 7
Let p be (-2)/(-3) - (-96)/18. Suppose -p*a + 20 = -2*a. Let u = a - -3. List the prime factors of u.
2
Let n be 13/(3 - 55/20). Let l = n + 28. Suppose 3*s - y - 62 = 0, -5*y + l + 28 = 4*s. What are the prime factors of s?
2, 11
Suppose 18*x = 22*x - 4. List the prime factors of x*(-3)/(3/(-85)).
5, 17
Let h be -2 + 246 + (1 - 5). Suppose -3*q - q + h = 0. What are the prime factors of q?
2, 3, 5
Let x = -225 - -283. What are the prime factors of x?
2, 29
Let k(l) = -122*l - 3 + 11*l**2 + l**3 + 109*l - 5. Let p be k(-12). Suppose 2*r - 18 = 3*q, -q + 64 = p*r - 0*q. What are the prime factors of r?
3, 5
Let f(i) = 42*i + 1404. What are the prime factors of f(0)?
2, 3, 13
Suppose -39*o = -30*o - 747. What are the prime factors of o?
83
Suppose 2*v = 4*v - 6. Suppose 6*w = -0*w + 114. Suppose -v*s + 2*a = -w, -5 + 20 = 2*s + a. What are the prime factors of s?
7
Suppose 4*g = 3*x - 4*x + 1550, -2*g - 6200 = -4*x. List the prime factors of x.
2, 5, 31
Let j(o) = o**2 - 10*o - 27. Let d be j(13). Let w(r) = 3*r + 6. Let y be w(6). Let x = y - d. What are the prime factors of x?
2, 3
Let s(u) = -140*u - 7. Suppose 0 = -66*y + 62*y - 4. What are the prime factors of s(y)?
7, 19
Let x = 1161 + -506. What are the prime factors of x?
5, 131
Let j(b) = 16*b**3 - b**2 - 2*b + 2. Let t = 2 - 0. Let k be j(t). Let n = k - 73. List the prime factors of n.
7
Let v = 633 - 583. List the prime factors of v.
2, 5
Suppose 2*f + 4 = s + s, 0 = 2*f - s + 1. Let k(p) = -4*p**3 + p**2 + 2*p - 2. Let z be k(f). What are the prime factors of (z - -3) + 7 - -2?
3
Let i = -48 - -47. Let b(x) = -65*x**3 - 3*x - 2. What are the prime factors of b(i)?
2, 3, 11
Let d(k) = -2*k**2 + 2. Let b be d(-2). Let i = b - -16. Let j = i - 8. List the prime factors of j.
2
List the prime factors of (-50)/275 + (-2886)/(-22).
131
Let r(c) = c**2 + 4*c + 5. Let f be r(-4). Suppose 0*m = -4*m - f*b + 10, -3*m = 3*b - 6. Suppose -24*s + 21*s + 84 = m. List the prime factors of s.
2, 7
Let l be 12/(-18) - 34/(-6). Suppose 106 = 2*c - 5*g, -c + 280 = 4*c - l*g. Let j = 125 - c. List the prime factors of j.
67
Let n = -22 + 37. Let c = -13 + n. Suppose -30 = -c*r + 30. What are the prime 